{"id":1871,"date":"2024-04-04T13:33:09","date_gmt":"2024-04-04T11:33:09","guid":{"rendered":"https:\/\/jbo-thum.de\/thumer-orchestertreff\/?page_id=1871"},"modified":"2025-05-08T20:54:33","modified_gmt":"2025-05-08T18:54:33","slug":"dreiklang-fit-lauf-doch-mit-des-lsv-waldfrieden-thum-e-v","status":"publish","type":"page","link":"https:\/\/jbo-thum.de\/thumer-orchestertreff\/dreiklang-fit-lauf-doch-mit-des-lsv-waldfrieden-thum-e-v\/","title":{"rendered":"\u201eDreiklang fit &#8211; Lauf doch mit&#8220; &#8211; Samstag, 14. Juni 2025"},"content":{"rendered":"\n<p>Willkommen beim Lauf &#8222;Dreiklang fit &#8211; Lauf doch mit!&#8220;<\/p>\n\n\n\n<p>Ein Lauf f\u00fcr alle, die Freude an Bewegung haben \u2013 ob mit Laufschuhen oder Walkingst\u00f6cken! Auf rund 5 km erwartet euch ein sportliches Erlebnis f\u00fcr Jung und Alt, bei dem nicht nur der Weg, sondern auch das Miteinander z\u00e4hlt.<\/p>\n\n\n\n<p>Los geht\u2019s mit einer gemeinsamen Erw\u00e4rmung im Festzelt von <strong>16:30 bis 16:45 Uhr<\/strong> \u2013 hier bringen wir gemeinsam mit guter Laune und Musik die Muskeln auf Betriebstemperatur. Danach starten zuerst unsere <strong>Kinderl\u00e4ufe auf dem Gel\u00e4nde der Schulanlagen<\/strong>, gefolgt von den <strong>Nordic Walkern<\/strong> und schlie\u00dflich den <strong>L\u00e4uferinnen und L\u00e4ufern<\/strong>, die sich auf die Strecke rund um Thum begeben.<\/p>\n\n\n\n<p>Ob du deine pers\u00f6nliche Bestzeit angreifen oder einfach die Stimmung genie\u00dfen willst \u2013 bei uns z\u00e4hlt vor allem der Spa\u00df an der Bewegung und das Gemeinschaftsgef\u00fchl. Die Strecke verbindet Innenstadtflair mit entspanntem Naturerlebnis \u2013 perfekt f\u00fcr alle, die sich sportlich und gleichzeitig entspannt bewegen m\u00f6chten.<\/p>\n\n\n\n<p><strong>Ab 15:30 Uhr<\/strong> hei\u00dfen wir dich an der <strong>Organisationsbude<\/strong> willkommen. Dort kannst du dich anmelden, deine Wertsachen abgeben \u2013 und das Beste: <strong>Die Teilnahme ist kostenlos!<\/strong> Und wer l\u00e4uft, bekommt am Samstag sogar <strong>freien Eintritt zum Festgel\u00e4nde des Thumer Dreiklangs<\/strong>.<\/p>\n\n\n\n<p>Also: Laufschuhe schn\u00fcren, Freunde mitbringen und los geht\u2019s \u2013 <strong>Lauf doch mit!<\/strong><\/p>\n\n\n\n<div class=\"wp-block-columns is-layout-flex wp-container-core-columns-is-layout-1 wp-block-columns-is-layout-flex\">\n<div class=\"wp-block-column is-layout-flow wp-block-column-is-layout-flow\">\n<figure class=\"wp-block-image size-full\"><img loading=\"lazy\" decoding=\"async\" width=\"842\" height=\"842\" src=\"https:\/\/jbo-thum.de\/thumer-orchestertreff\/wp-content\/uploads\/2025\/05\/Laufrunde.jpg\" alt=\"\" class=\"wp-image-2077\" srcset=\"https:\/\/jbo-thum.de\/thumer-orchestertreff\/wp-content\/uploads\/2025\/05\/Laufrunde.jpg 842w, https:\/\/jbo-thum.de\/thumer-orchestertreff\/wp-content\/uploads\/2025\/05\/Laufrunde-300x300.jpg 300w, https:\/\/jbo-thum.de\/thumer-orchestertreff\/wp-content\/uploads\/2025\/05\/Laufrunde-150x150.jpg 150w, https:\/\/jbo-thum.de\/thumer-orchestertreff\/wp-content\/uploads\/2025\/05\/Laufrunde-768x768.jpg 768w\" sizes=\"(max-width: 842px) 100vw, 842px\" \/><\/figure>\n\n\n\n<p>Eine Runde f\u00fcr L\u00e4ufer und Nordic Walker \u2013 gemeinsam aktiv durch die Umgebung.<\/p>\n<\/div>\n\n\n\n<div class=\"wp-block-column is-layout-flow wp-block-column-is-layout-flow\">\n<figure class=\"wp-block-image size-full\"><img loading=\"lazy\" decoding=\"async\" width=\"842\" height=\"842\" src=\"https:\/\/jbo-thum.de\/thumer-orchestertreff\/wp-content\/uploads\/2025\/05\/Parkour.jpg\" alt=\"\" class=\"wp-image-2078\" srcset=\"https:\/\/jbo-thum.de\/thumer-orchestertreff\/wp-content\/uploads\/2025\/05\/Parkour.jpg 842w, https:\/\/jbo-thum.de\/thumer-orchestertreff\/wp-content\/uploads\/2025\/05\/Parkour-300x300.jpg 300w, https:\/\/jbo-thum.de\/thumer-orchestertreff\/wp-content\/uploads\/2025\/05\/Parkour-150x150.jpg 150w, https:\/\/jbo-thum.de\/thumer-orchestertreff\/wp-content\/uploads\/2025\/05\/Parkour-768x768.jpg 768w\" sizes=\"(max-width: 842px) 100vw, 842px\" \/><\/figure>\n\n\n\n<p>Eine Runde voller Spa\u00df und Bewegung \u2013 ideal f\u00fcr kleine Entdecker rund um das Gel\u00e4nde.<\/p>\n<\/div>\n<\/div>\n\n\n\n<div class=\"wp-block-buttons has-custom-font-size has-small-font-size is-content-justification-center is-layout-flex wp-container-core-buttons-is-layout-1 wp-block-buttons-is-layout-flex\">\n<div class=\"wp-block-button has-custom-width wp-block-button__width-50 is-style-primary\"><a class=\"wp-block-button__link has-neve-link-color-background-color has-background wp-element-button\" href=\"https:\/\/jbo-thum.de\/thumer-orchestertreff\/tickets-fuer-den-thumer-dreiklang\/\" target=\"_blank\" rel=\"noreferrer noopener\">mehr zum Dreiklang-Programm<\/a><\/div>\n<\/div>\n\n\n\n<p><em>\u2013 \u00c4nderungen vorbehalten \u2013<\/em><\/p>\n","protected":false},"excerpt":{"rendered":"<p>Willkommen beim Lauf &#8222;Dreiklang fit &#8211; Lauf doch mit!&#8220; Ein Lauf f\u00fcr alle, die Freude an Bewegung haben \u2013 ob mit Laufschuhen oder Walkingst\u00f6cken! Auf rund 5 km erwartet euch ein sportliches Erlebnis f\u00fcr Jung und Alt, bei dem nicht nur der Weg, sondern auch das Miteinander z\u00e4hlt. Los geht\u2019s mit einer gemeinsamen Erw\u00e4rmung im&hellip;&nbsp;<a href=\"https:\/\/jbo-thum.de\/thumer-orchestertreff\/dreiklang-fit-lauf-doch-mit-des-lsv-waldfrieden-thum-e-v\/\" rel=\"bookmark\">Weiterlesen &raquo;<span class=\"screen-reader-text\">\u201eDreiklang fit &#8211; Lauf doch mit&#8220; &#8211; Samstag, 14. Juni 2025<\/span><\/a><\/p>\n","protected":false},"author":2,"featured_media":0,"parent":0,"menu_order":0,"comment_status":"closed","ping_status":"closed","template":"","meta":{"rop_custom_images_group":[],"rop_custom_messages_group":[],"rop_publish_now":"initial","rop_publish_now_accounts":[],"rop_publish_now_history":[],"rop_publish_now_status":"pending","neve_meta_sidebar":"","neve_meta_container":"","neve_meta_enable_content_width":"","neve_meta_content_width":0,"neve_meta_title_alignment":"","neve_meta_author_avatar":"","neve_post_elements_order":"","neve_meta_disable_header":"","neve_meta_disable_footer":"","neve_meta_disable_title":"","footnotes":""},"yoast_head":"<!-- This site is optimized with the Yoast SEO plugin v24.5 - https:\/\/yoast.com\/wordpress\/plugins\/seo\/ -->\n<title>\u201eDreiklang fit - Lauf doch mit&quot; - Samstag, 14. Juni 2025 | Dreiklang<\/title>\n<meta name=\"robots\" content=\"index, follow, max-snippet:-1, max-image-preview:large, max-video-preview:-1\" \/>\n<link rel=\"canonical\" href=\"https:\/\/jbo-thum.de\/thumer-orchestertreff\/dreiklang-fit-lauf-doch-mit-des-lsv-waldfrieden-thum-e-v\/\" \/>\n<meta property=\"og:locale\" content=\"de_DE\" \/>\n<meta property=\"og:type\" content=\"article\" \/>\n<meta property=\"og:title\" content=\"\u201eDreiklang fit - Lauf doch mit&quot; - Samstag, 14. Juni 2025 | Dreiklang\" \/>\n<meta property=\"og:description\" content=\"Willkommen beim Lauf &#8222;Dreiklang fit &#8211; Lauf doch mit!&#8220; Ein Lauf f\u00fcr alle, die Freude an Bewegung haben \u2013 ob mit Laufschuhen oder Walkingst\u00f6cken! Auf rund 5 km erwartet euch ein sportliches Erlebnis f\u00fcr Jung und Alt, bei dem nicht nur der Weg, sondern auch das Miteinander z\u00e4hlt. Los geht\u2019s mit einer gemeinsamen Erw\u00e4rmung im&hellip;&nbsp;Weiterlesen &raquo;\u201eDreiklang fit &#8211; Lauf doch mit&#8220; &#8211; Samstag, 14. Juni 2025\" \/>\n<meta property=\"og:url\" content=\"https:\/\/jbo-thum.de\/thumer-orchestertreff\/dreiklang-fit-lauf-doch-mit-des-lsv-waldfrieden-thum-e-v\/\" \/>\n<meta property=\"og:site_name\" content=\"Dreiklang\" \/>\n<meta property=\"article:publisher\" content=\"https:\/\/www.facebook.com\/ThumerOrchestertreff\/\" \/>\n<meta property=\"article:modified_time\" content=\"2025-05-08T18:54:33+00:00\" \/>\n<meta property=\"og:image\" content=\"https:\/\/jbo-thum.de\/thumer-orchestertreff\/wp-content\/uploads\/2025\/05\/Laufrunde.jpg\" \/>\n\t<meta property=\"og:image:width\" content=\"842\" \/>\n\t<meta property=\"og:image:height\" content=\"842\" \/>\n\t<meta property=\"og:image:type\" content=\"image\/jpeg\" \/>\n<meta name=\"twitter:card\" content=\"summary_large_image\" \/>\n<meta name=\"twitter:label1\" content=\"Gesch\u00e4tzte Lesezeit\" \/>\n\t<meta name=\"twitter:data1\" content=\"2\u00a0Minuten\" \/>\n<script type=\"application\/ld+json\" class=\"yoast-schema-graph\">{\"@context\":\"https:\/\/schema.org\",\"@graph\":[{\"@type\":\"WebPage\",\"@id\":\"https:\/\/jbo-thum.de\/thumer-orchestertreff\/dreiklang-fit-lauf-doch-mit-des-lsv-waldfrieden-thum-e-v\/\",\"url\":\"https:\/\/jbo-thum.de\/thumer-orchestertreff\/dreiklang-fit-lauf-doch-mit-des-lsv-waldfrieden-thum-e-v\/\",\"name\":\"\u201eDreiklang fit - Lauf doch mit\\\" - Samstag, 14. Juni 2025 | Dreiklang\",\"isPartOf\":{\"@id\":\"https:\/\/jbo-thum.de\/thumer-orchestertreff\/#website\"},\"primaryImageOfPage\":{\"@id\":\"https:\/\/jbo-thum.de\/thumer-orchestertreff\/dreiklang-fit-lauf-doch-mit-des-lsv-waldfrieden-thum-e-v\/#primaryimage\"},\"image\":{\"@id\":\"https:\/\/jbo-thum.de\/thumer-orchestertreff\/dreiklang-fit-lauf-doch-mit-des-lsv-waldfrieden-thum-e-v\/#primaryimage\"},\"thumbnailUrl\":\"https:\/\/jbo-thum.de\/thumer-orchestertreff\/wp-content\/uploads\/2025\/05\/Laufrunde.jpg\",\"datePublished\":\"2024-04-04T11:33:09+00:00\",\"dateModified\":\"2025-05-08T18:54:33+00:00\",\"breadcrumb\":{\"@id\":\"https:\/\/jbo-thum.de\/thumer-orchestertreff\/dreiklang-fit-lauf-doch-mit-des-lsv-waldfrieden-thum-e-v\/#breadcrumb\"},\"inLanguage\":\"de\",\"potentialAction\":[{\"@type\":\"ReadAction\",\"target\":[\"https:\/\/jbo-thum.de\/thumer-orchestertreff\/dreiklang-fit-lauf-doch-mit-des-lsv-waldfrieden-thum-e-v\/\"]}]},{\"@type\":\"ImageObject\",\"inLanguage\":\"de\",\"@id\":\"https:\/\/jbo-thum.de\/thumer-orchestertreff\/dreiklang-fit-lauf-doch-mit-des-lsv-waldfrieden-thum-e-v\/#primaryimage\",\"url\":\"https:\/\/jbo-thum.de\/thumer-orchestertreff\/wp-content\/uploads\/2025\/05\/Laufrunde.jpg\",\"contentUrl\":\"https:\/\/jbo-thum.de\/thumer-orchestertreff\/wp-content\/uploads\/2025\/05\/Laufrunde.jpg\",\"width\":842,\"height\":842},{\"@type\":\"BreadcrumbList\",\"@id\":\"https:\/\/jbo-thum.de\/thumer-orchestertreff\/dreiklang-fit-lauf-doch-mit-des-lsv-waldfrieden-thum-e-v\/#breadcrumb\",\"itemListElement\":[{\"@type\":\"ListItem\",\"position\":1,\"name\":\"Startseite\",\"item\":\"https:\/\/jbo-thum.de\/thumer-orchestertreff\/\"},{\"@type\":\"ListItem\",\"position\":2,\"name\":\"\u201eDreiklang fit &#8211; Lauf doch mit&#8220; &#8211; Samstag, 14. Juni 2025\"}]},{\"@type\":\"WebSite\",\"@id\":\"https:\/\/jbo-thum.de\/thumer-orchestertreff\/#website\",\"url\":\"https:\/\/jbo-thum.de\/thumer-orchestertreff\/\",\"name\":\"Dreiklang\",\"description\":\"11. &amp; 12. Juni 2022\",\"publisher\":{\"@id\":\"https:\/\/jbo-thum.de\/thumer-orchestertreff\/#organization\"},\"potentialAction\":[{\"@type\":\"SearchAction\",\"target\":{\"@type\":\"EntryPoint\",\"urlTemplate\":\"https:\/\/jbo-thum.de\/thumer-orchestertreff\/?s={search_term_string}\"},\"query-input\":{\"@type\":\"PropertyValueSpecification\",\"valueRequired\":true,\"valueName\":\"search_term_string\"}}],\"inLanguage\":\"de\"},{\"@type\":\"Organization\",\"@id\":\"https:\/\/jbo-thum.de\/thumer-orchestertreff\/#organization\",\"name\":\"Thumer Orchestertreff\",\"url\":\"https:\/\/jbo-thum.de\/thumer-orchestertreff\/\",\"logo\":{\"@type\":\"ImageObject\",\"inLanguage\":\"de\",\"@id\":\"https:\/\/jbo-thum.de\/thumer-orchestertreff\/#\/schema\/logo\/image\/\",\"url\":\"https:\/\/jbo-thum.de\/thumer-orchestertreff\/wp-content\/uploads\/2022\/05\/Dreiklang-Thum.png\",\"contentUrl\":\"https:\/\/jbo-thum.de\/thumer-orchestertreff\/wp-content\/uploads\/2022\/05\/Dreiklang-Thum.png\",\"width\":394,\"height\":137,\"caption\":\"Thumer Orchestertreff\"},\"image\":{\"@id\":\"https:\/\/jbo-thum.de\/thumer-orchestertreff\/#\/schema\/logo\/image\/\"},\"sameAs\":[\"https:\/\/www.facebook.com\/ThumerOrchestertreff\/\",\"https:\/\/www.instagram.com\/ThumerOrchestertreff\/\"]}]}<\/script>\n<!-- \/ Yoast SEO plugin. -->","yoast_head_json":{"title":"\u201eDreiklang fit - Lauf doch mit\" - Samstag, 14. Juni 2025 | Dreiklang","robots":{"index":"index","follow":"follow","max-snippet":"max-snippet:-1","max-image-preview":"max-image-preview:large","max-video-preview":"max-video-preview:-1"},"canonical":"https:\/\/jbo-thum.de\/thumer-orchestertreff\/dreiklang-fit-lauf-doch-mit-des-lsv-waldfrieden-thum-e-v\/","og_locale":"de_DE","og_type":"article","og_title":"\u201eDreiklang fit - Lauf doch mit\" - Samstag, 14. Juni 2025 | Dreiklang","og_description":"Willkommen beim Lauf &#8222;Dreiklang fit &#8211; Lauf doch mit!&#8220; Ein Lauf f\u00fcr alle, die Freude an Bewegung haben \u2013 ob mit Laufschuhen oder Walkingst\u00f6cken! Auf rund 5 km erwartet euch ein sportliches Erlebnis f\u00fcr Jung und Alt, bei dem nicht nur der Weg, sondern auch das Miteinander z\u00e4hlt. Los geht\u2019s mit einer gemeinsamen Erw\u00e4rmung im&hellip;&nbsp;Weiterlesen &raquo;\u201eDreiklang fit &#8211; Lauf doch mit&#8220; &#8211; Samstag, 14. Juni 2025","og_url":"https:\/\/jbo-thum.de\/thumer-orchestertreff\/dreiklang-fit-lauf-doch-mit-des-lsv-waldfrieden-thum-e-v\/","og_site_name":"Dreiklang","article_publisher":"https:\/\/www.facebook.com\/ThumerOrchestertreff\/","article_modified_time":"2025-05-08T18:54:33+00:00","og_image":[{"width":842,"height":842,"url":"https:\/\/jbo-thum.de\/thumer-orchestertreff\/wp-content\/uploads\/2025\/05\/Laufrunde.jpg","type":"image\/jpeg"}],"twitter_card":"summary_large_image","twitter_misc":{"Gesch\u00e4tzte Lesezeit":"2\u00a0Minuten"},"schema":{"@context":"https:\/\/schema.org","@graph":[{"@type":"WebPage","@id":"https:\/\/jbo-thum.de\/thumer-orchestertreff\/dreiklang-fit-lauf-doch-mit-des-lsv-waldfrieden-thum-e-v\/","url":"https:\/\/jbo-thum.de\/thumer-orchestertreff\/dreiklang-fit-lauf-doch-mit-des-lsv-waldfrieden-thum-e-v\/","name":"\u201eDreiklang fit - Lauf doch mit\" - Samstag, 14. Juni 2025 | Dreiklang","isPartOf":{"@id":"https:\/\/jbo-thum.de\/thumer-orchestertreff\/#website"},"primaryImageOfPage":{"@id":"https:\/\/jbo-thum.de\/thumer-orchestertreff\/dreiklang-fit-lauf-doch-mit-des-lsv-waldfrieden-thum-e-v\/#primaryimage"},"image":{"@id":"https:\/\/jbo-thum.de\/thumer-orchestertreff\/dreiklang-fit-lauf-doch-mit-des-lsv-waldfrieden-thum-e-v\/#primaryimage"},"thumbnailUrl":"https:\/\/jbo-thum.de\/thumer-orchestertreff\/wp-content\/uploads\/2025\/05\/Laufrunde.jpg","datePublished":"2024-04-04T11:33:09+00:00","dateModified":"2025-05-08T18:54:33+00:00","breadcrumb":{"@id":"https:\/\/jbo-thum.de\/thumer-orchestertreff\/dreiklang-fit-lauf-doch-mit-des-lsv-waldfrieden-thum-e-v\/#breadcrumb"},"inLanguage":"de","potentialAction":[{"@type":"ReadAction","target":["https:\/\/jbo-thum.de\/thumer-orchestertreff\/dreiklang-fit-lauf-doch-mit-des-lsv-waldfrieden-thum-e-v\/"]}]},{"@type":"ImageObject","inLanguage":"de","@id":"https:\/\/jbo-thum.de\/thumer-orchestertreff\/dreiklang-fit-lauf-doch-mit-des-lsv-waldfrieden-thum-e-v\/#primaryimage","url":"https:\/\/jbo-thum.de\/thumer-orchestertreff\/wp-content\/uploads\/2025\/05\/Laufrunde.jpg","contentUrl":"https:\/\/jbo-thum.de\/thumer-orchestertreff\/wp-content\/uploads\/2025\/05\/Laufrunde.jpg","width":842,"height":842},{"@type":"BreadcrumbList","@id":"https:\/\/jbo-thum.de\/thumer-orchestertreff\/dreiklang-fit-lauf-doch-mit-des-lsv-waldfrieden-thum-e-v\/#breadcrumb","itemListElement":[{"@type":"ListItem","position":1,"name":"Startseite","item":"https:\/\/jbo-thum.de\/thumer-orchestertreff\/"},{"@type":"ListItem","position":2,"name":"\u201eDreiklang fit &#8211; Lauf doch mit&#8220; &#8211; Samstag, 14. Juni 2025"}]},{"@type":"WebSite","@id":"https:\/\/jbo-thum.de\/thumer-orchestertreff\/#website","url":"https:\/\/jbo-thum.de\/thumer-orchestertreff\/","name":"Dreiklang","description":"11. &amp; 12. Juni 2022","publisher":{"@id":"https:\/\/jbo-thum.de\/thumer-orchestertreff\/#organization"},"potentialAction":[{"@type":"SearchAction","target":{"@type":"EntryPoint","urlTemplate":"https:\/\/jbo-thum.de\/thumer-orchestertreff\/?s={search_term_string}"},"query-input":{"@type":"PropertyValueSpecification","valueRequired":true,"valueName":"search_term_string"}}],"inLanguage":"de"},{"@type":"Organization","@id":"https:\/\/jbo-thum.de\/thumer-orchestertreff\/#organization","name":"Thumer Orchestertreff","url":"https:\/\/jbo-thum.de\/thumer-orchestertreff\/","logo":{"@type":"ImageObject","inLanguage":"de","@id":"https:\/\/jbo-thum.de\/thumer-orchestertreff\/#\/schema\/logo\/image\/","url":"https:\/\/jbo-thum.de\/thumer-orchestertreff\/wp-content\/uploads\/2022\/05\/Dreiklang-Thum.png","contentUrl":"https:\/\/jbo-thum.de\/thumer-orchestertreff\/wp-content\/uploads\/2022\/05\/Dreiklang-Thum.png","width":394,"height":137,"caption":"Thumer Orchestertreff"},"image":{"@id":"https:\/\/jbo-thum.de\/thumer-orchestertreff\/#\/schema\/logo\/image\/"},"sameAs":["https:\/\/www.facebook.com\/ThumerOrchestertreff\/","https:\/\/www.instagram.com\/ThumerOrchestertreff\/"]}]}},"_links":{"self":[{"href":"https:\/\/jbo-thum.de\/thumer-orchestertreff\/wp-json\/wp\/v2\/pages\/1871"}],"collection":[{"href":"https:\/\/jbo-thum.de\/thumer-orchestertreff\/wp-json\/wp\/v2\/pages"}],"about":[{"href":"https:\/\/jbo-thum.de\/thumer-orchestertreff\/wp-json\/wp\/v2\/types\/page"}],"author":[{"embeddable":true,"href":"https:\/\/jbo-thum.de\/thumer-orchestertreff\/wp-json\/wp\/v2\/users\/2"}],"replies":[{"embeddable":true,"href":"https:\/\/jbo-thum.de\/thumer-orchestertreff\/wp-json\/wp\/v2\/comments?post=1871"}],"version-history":[{"count":11,"href":"https:\/\/jbo-thum.de\/thumer-orchestertreff\/wp-json\/wp\/v2\/pages\/1871\/revisions"}],"predecessor-version":[{"id":2081,"href":"https:\/\/jbo-thum.de\/thumer-orchestertreff\/wp-json\/wp\/v2\/pages\/1871\/revisions\/2081"}],"wp:attachment":[{"href":"https:\/\/jbo-thum.de\/thumer-orchestertreff\/wp-json\/wp\/v2\/media?parent=1871"}],"curies":[{"name":"wp","href":"https:\/\/api.w.org\/{rel}","templated":true}]}}